{"id":357,"date":"2022-04-16T02:49:48","date_gmt":"2022-04-16T02:49:48","guid":{"rendered":"https:\/\/audisem.com\/?page_id=357"},"modified":"2022-04-16T21:19:57","modified_gmt":"2022-04-16T21:19:57","slug":"servicios","status":"publish","type":"page","link":"https:\/\/audisem.com\/?page_id=357","title":{"rendered":"Servicios"},"content":{"rendered":"<p>Nuestra empresa ofrece diferentes servicios, entre los m\u00e1s importantes est\u00e1n:<\/p>\n<hr \/>\n<p><strong>CONTABILIDAD EXTERNA<\/strong><\/p>\n<p>Realizamos el registro de las operaciones comerciales durante toda la gesti\u00f3n, peri\u00f3dicamente presentamos Estados financieros a la gerencia para la toma de decisiones desde nuestras oficinas. Como es un servicio externo, minimizamos costos para nuestros clientes.<\/p>\n<p><a href=\"https:\/\/audisem.com\/?page_id=358\">Contabilidad externa &#8230;(leer m\u00e1s)&#8230;<\/a><\/p>\n<hr \/>\n<p><strong>AUDITORIA<\/strong><\/p>\n<p>Realizamos auditorias que cumplen con las normas del Colegio de Auditores de Bolivia, la Ley 843, reglamentos, manuales y dem\u00e1s normas legales de Bolivia. Nuestros informes le brindan la informaci\u00f3n financiera con una seguridad razonable para tomar decisiones.<\/p>\n<p><a href=\"https:\/\/audisem.com\/?page_id=359\">Auditoria&#8230; (leer m\u00e1s)<\/a><\/p>\n<hr \/>\n<p><strong>REVALUO DE BIENES<\/strong><\/p>\n<p>Es un servicio que cada vez es m\u00e1s exigido debido a la presi\u00f3n que existen por parte de entidades gubernamentales para poder brindar una situaci\u00f3n financiera REAL de la empresa. Tenemos varias alternativas.<\/p>\n<p><a href=\"https:\/\/audisem.com\/?page_id=361\">Reval\u00faos de bienes &#8230; (m\u00e1s)<\/a><\/p>\n<p>&nbsp;<\/p>\n","protected":false},"excerpt":{"rendered":"<p>Nuestra empresa ofrece diferentes servicios, entre los m\u00e1s importantes est\u00e1n: CONTABILIDAD EXTERNA Realizamos el registro de las operaciones comerciales durante toda la gesti\u00f3n, peri\u00f3dicamente presentamos Estados financieros a la gerencia para la toma de decisiones desde nuestras oficinas. Como es un servicio externo, minimizamos costos para nuestros clientes. Contabilidad externa &#8230;(leer m\u00e1s)&#8230; AUDITORIA Realizamos auditorias [&hellip;]<\/p>\n","protected":false},"author":1,"featured_media":0,"parent":0,"menu_order":0,"comment_status":"closed","ping_status":"closed","template":"","meta":{"_editorskit_title_hidden":false,"_editorskit_reading_time":0,"_editorskit_is_block_options_detached":false,"_editorskit_block_options_position":"{}","_uag_custom_page_level_css":"","_joinchat":[],"footnotes":""},"class_list":["post-357","page","type-page","status-publish","hentry"],"uagb_featured_image_src":{"full":false,"thumbnail":false,"medium":false,"medium_large":false,"large":false,"1536x1536":false,"2048x2048":false},"uagb_author_info":{"display_name":"admin","author_link":"https:\/\/audisem.com\/?author=1"},"uagb_comment_info":0,"uagb_excerpt":"Nuestra empresa ofrece diferentes servicios, entre los m\u00e1s importantes est\u00e1n: CONTABILIDAD EXTERNA Realizamos el registro de las operaciones comerciales durante toda la gesti\u00f3n, peri\u00f3dicamente presentamos Estados financieros a la gerencia para la toma de decisiones desde nuestras oficinas. Como es un servicio externo, minimizamos costos para nuestros clientes. Contabilidad externa &#8230;(leer m\u00e1s)&#8230; AUDITORIA Realizamos auditorias&hellip;","_links":{"self":[{"href":"https:\/\/audisem.com\/index.php?rest_route=\/wp\/v2\/pages\/357"}],"collection":[{"href":"https:\/\/audisem.com\/index.php?rest_route=\/wp\/v2\/pages"}],"about":[{"href":"https:\/\/audisem.com\/index.php?rest_route=\/wp\/v2\/types\/page"}],"author":[{"embeddable":true,"href":"https:\/\/audisem.com\/index.php?rest_route=\/wp\/v2\/users\/1"}],"replies":[{"embeddable":true,"href":"https:\/\/audisem.com\/index.php?rest_route=%2Fwp%2Fv2%2Fcomments&post=357"}],"version-history":[{"count":6,"href":"https:\/\/audisem.com\/index.php?rest_route=\/wp\/v2\/pages\/357\/revisions"}],"predecessor-version":[{"id":401,"href":"https:\/\/audisem.com\/index.php?rest_route=\/wp\/v2\/pages\/357\/revisions\/401"}],"wp:attachment":[{"href":"https:\/\/audisem.com\/index.php?rest_route=%2Fwp%2Fv2%2Fmedia&parent=357"}],"curies":[{"name":"wp","href":"https:\/\/api.w.org\/{rel}","templated":true}]}}