{"id":361,"date":"2022-04-16T02:49:48","date_gmt":"2022-04-16T02:49:48","guid":{"rendered":"https:\/\/audisem.com\/?page_id=361"},"modified":"2022-04-16T20:46:10","modified_gmt":"2022-04-16T20:46:10","slug":"revaluos-de-activos-fijos","status":"publish","type":"page","link":"https:\/\/audisem.com\/?page_id=361","title":{"rendered":"Reval\u00faos de bienes"},"content":{"rendered":"<p><strong>1. OBJETIVO.<\/strong><\/p>\n<p>El Examen Especial practicado tuvo por objetivo obtener evidencia suficiente, competente y relevante a los efectos de poder determinar el valor neto de realizaci\u00f3n de los Bienes Patrimoniales del periodo analizado, como as\u00ed tambi\u00e9n realizar una evaluaci\u00f3n del control interno existente en la empresa.<\/p>\n<p>&nbsp;<\/p>\n<p><strong>2. OBJETIVOS ESPECIFICOS.<\/strong><\/p>\n<p>Los objetivos espec\u00edficos son los siguientes:<\/p>\n<p>\uf0fc\u00a0 Establecer el valor actual, tiempo de vida \u00fatil restante de los bienes del cliente, tomando en cuenta la depreciaci\u00f3n por el transcurso del tiempo para su contabilizaci\u00f3n de acuerdo a principios de contabilidad y su correcta exposici\u00f3n en los Estados Financieros.<\/p>\n<p>\uf0fc\u00a0 Contar con un inventario, codificaci\u00f3n actualizado de todos los activos fijos a trav\u00e9s de una inspecci\u00f3n f\u00edsica que detalle la descripci\u00f3n adecuada de las caracter\u00edsticas del bien, su estado de conservaci\u00f3n y\/u obsolescencia en funci\u00f3n a criterios generalmente aceptados.<\/p>\n<p>\uf0fc Contar con informaci\u00f3n respecto al tiempo de vida \u00fatil restante para la correcta depreciaci\u00f3n de cada activo fijo.<\/p>\n<p>\uf0fc\u00a0 Contar con un informe de recomendaci\u00f3n para la incorporaci\u00f3n, disposici\u00f3n y\/o baja de los activos fijos, a los registros contables el cual debe incluir el listado de los mismos con su respectivo precio base.<\/p>\n<p>\uf0fc\u00a0 Contar con un informe de recomendaci\u00f3n de incorporaci\u00f3n o no a los registros contables, con relaci\u00f3n a bienes faltantes y no informados (sobrantes, si los hubiera)<\/p>\n<p>\uf0fc\u00a0 Contar con una clasificaci\u00f3n y selecci\u00f3n de activos fijos en desuso y obsoletos.<\/p>\n<p>\uf0fc\u00a0 Contar los reportes: Por Grupos Contable, Resumen por Grupo Contable y por Unidad de\u00a0Trabajo.<\/p>\n<p>\uf0fc\u00a0 Inventariar, codificar y revalorizar la totalidad de los activos fijos de propiedad del cliente con corte a una fecha determinada.<\/p>\n<p>&nbsp;<\/p>\n<p><strong>3. LEGISLACION APLICABLE.<\/strong><\/p>\n<p>El presente Contrato se celebra al amparo de las siguientes disposiciones:<\/p>\n<p>a) Constituci\u00f3n Pol\u00edtica del Estado.<\/p>\n<p>b) Decreto Ley No. 14379 C\u00f3digo de Comercio de 25 de febrero de 1977.<\/p>\n<p>c) Ley N\u00ba 1178, de 20 de julio de 1990, de Administraci\u00f3n y Control Gubernamentales (cuando corresponda)<\/p>\n<p>d) Decreto Supremo N\u00ba 0181, de 28 de junio de 2009, de las Normas B\u00e1sicas del Sistema de Administraci\u00f3n de Bienes y Servicios \u2013 NB-SABS y sus modificaciones (cuando corresponda)<\/p>\n<p>e) Ley del Presupuesto General del Estado aprobado para la gesti\u00f3n y su reglamentaci\u00f3n. (cuando corresponda)<\/p>\n<p>f) Resoluci\u00f3n Administrativa SEMP No. 28-2009 de 26 de enero de 2009.<\/p>\n<p>g) Norma de Contabilidad No. 4, Revalorizaci\u00f3n t\u00e9cnica de activos fijos.<\/p>\n<p>h) Otras disposiciones relacionadas.<\/p>\n<p>&nbsp;<\/p>\n<p><strong>4. METODOLOGIA.<\/strong><\/p>\n<p>La metodolog\u00eda que deber\u00e1 aplicarse para el proceso de reval\u00fao t\u00e9cnico de Activos Fijos, deber\u00e1 estar en funci\u00f3n a las caracter\u00edsticas, funcionalidad, tecnolog\u00eda y estado de conservaci\u00f3n del activo fijo. Este trabajo deber\u00e1 alinearse a las normativas de revalorizaci\u00f3n norma de contabilidad Nro.\u00a04 (Revalorizaci\u00f3n T\u00e9cnica de Activos Fijos).<\/p>\n<p>&nbsp;<\/p>\n<p><strong>5. NUESTROS PRODUCTOS<\/strong><\/p>\n<p>Nuestra empresa presentar\u00e1 2 ejemplares, uno impreso y otro digital los siguientes informes:<\/p>\n<p>a) Informe de inventariaci\u00f3n de activos fijos. Se realizar\u00e1 la inventariaci\u00f3n, se codificar\u00e1n los bienes, se etiquetar\u00e1n los bienes y se emitir\u00e1 el respectivo informe.<\/p>\n<p>b) Informe de revalorizaci\u00f3n de activos fijos. Se realizar\u00e1 el reval\u00fao con un promedio de 3 proveedores. Se emitir\u00e1 el respectivo informe.<\/p>\n<p>c) Informe de recomendaciones sobre activos fijos. En base a todo lo realizado, se emitir\u00e1n las recomendaciones por cada etapa del trabajo.<\/p>\n<p>&nbsp;<\/p>\n<p><strong>6. HONORARIOS.<\/strong><\/p>\n<p>El costo de este servicio estimado ser\u00e1 de Bs25 por \u00edtem a ser revaluado.<\/p>\n<p>Este par\u00e1metro puede variar en funci\u00f3n de la cantidad de \u00edtems y de la similitud del estado de los bienes. Cada caso es diferente, nosotros buscaremos la forma de alcanzar la satisfacci\u00f3n del cliente con un buen producto a un precio que el cliente considere razonable.<\/p>\n<p>La forma de pago ser\u00e1 de la siguiente forma:<\/p>\n<ul>\n<li>60% a la firma del contrato.<\/li>\n<li>40% a la entrega del contrato.<\/li>\n<\/ul>\n<p>&nbsp;<\/p>\n","protected":false},"excerpt":{"rendered":"<p>1. OBJETIVO. El Examen Especial practicado tuvo por objetivo obtener evidencia suficiente, competente y relevante a los efectos de poder determinar el valor neto de realizaci\u00f3n de los Bienes Patrimoniales del periodo analizado, como as\u00ed tambi\u00e9n realizar una evaluaci\u00f3n del control interno existente en la empresa. &nbsp; 2. OBJETIVOS ESPECIFICOS. Los objetivos espec\u00edficos son los [&hellip;]<\/p>\n","protected":false},"author":1,"featured_media":0,"parent":0,"menu_order":0,"comment_status":"closed","ping_status":"closed","template":"","meta":{"_editorskit_title_hidden":false,"_editorskit_reading_time":0,"_editorskit_is_block_options_detached":false,"_editorskit_block_options_position":"{}","_uag_custom_page_level_css":"","_joinchat":[],"footnotes":""},"class_list":["post-361","page","type-page","status-publish","hentry"],"uagb_featured_image_src":{"full":false,"thumbnail":false,"medium":false,"medium_large":false,"large":false,"1536x1536":false,"2048x2048":false},"uagb_author_info":{"display_name":"admin","author_link":"https:\/\/audisem.com\/?author=1"},"uagb_comment_info":0,"uagb_excerpt":"1. OBJETIVO. El Examen Especial practicado tuvo por objetivo obtener evidencia suficiente, competente y relevante a los efectos de poder determinar el valor neto de realizaci\u00f3n de los Bienes Patrimoniales del periodo analizado, como as\u00ed tambi\u00e9n realizar una evaluaci\u00f3n del control interno existente en la empresa. &nbsp; 2. OBJETIVOS ESPECIFICOS. Los objetivos espec\u00edficos son los&hellip;","_links":{"self":[{"href":"https:\/\/audisem.com\/index.php?rest_route=\/wp\/v2\/pages\/361"}],"collection":[{"href":"https:\/\/audisem.com\/index.php?rest_route=\/wp\/v2\/pages"}],"about":[{"href":"https:\/\/audisem.com\/index.php?rest_route=\/wp\/v2\/types\/page"}],"author":[{"embeddable":true,"href":"https:\/\/audisem.com\/index.php?rest_route=\/wp\/v2\/users\/1"}],"replies":[{"embeddable":true,"href":"https:\/\/audisem.com\/index.php?rest_route=%2Fwp%2Fv2%2Fcomments&post=361"}],"version-history":[{"count":4,"href":"https:\/\/audisem.com\/index.php?rest_route=\/wp\/v2\/pages\/361\/revisions"}],"predecessor-version":[{"id":393,"href":"https:\/\/audisem.com\/index.php?rest_route=\/wp\/v2\/pages\/361\/revisions\/393"}],"wp:attachment":[{"href":"https:\/\/audisem.com\/index.php?rest_route=%2Fwp%2Fv2%2Fmedia&parent=361"}],"curies":[{"name":"wp","href":"https:\/\/api.w.org\/{rel}","templated":true}]}}